{"id":36,"date":"2016-11-30T14:04:53","date_gmt":"2016-11-30T14:04:53","guid":{"rendered":"http:\/\/ternaround.de\/?page_id=36"},"modified":"2026-04-05T14:23:39","modified_gmt":"2026-04-05T14:23:39","slug":"angebote","status":"publish","type":"page","link":"https:\/\/ternaround.de\/?page_id=36","title":{"rendered":"Angebote"},"content":{"rendered":"<p>Ich biete folgende Leistungen an:<\/p>\n<h2>Ornithologische und landschafts\u00f6kologische F\u00fchrungen und Vortr\u00e4ge<\/h2>\n<div><\/div>\n<h2>Beratung im Kontext von Stadtnatur, Umweltbildung und Tourismus<\/h2>\n<h2>Faunistische Fachgutachten f\u00fcr private und \u00f6ffentliche Bauherren<\/h2>\n<h2>Brutvogelkartierungen f\u00fcr Beh\u00f6rden, Vereine und Institutionen<\/h2>\n<h2>Expertise zur Trauerseeschwalbe (Black Tern <em>Chlidonias niger<\/em>) in Berlin (S\u00fcdost)<\/h2>\n<div><\/div>\n<div><\/div>\n<p>&nbsp;<\/p>\n","protected":false},"excerpt":{"rendered":"<p>Ich biete folgende Leistungen an: Ornithologische und landschafts\u00f6kologische F\u00fchrungen und Vortr\u00e4ge Beratung im Kontext von Stadtnatur, Umweltbildung und Tourismus Faunistische Fachgutachten f\u00fcr private und \u00f6ffentliche Bauherren Brutvogelkartierungen f\u00fcr Beh\u00f6rden, Vereine und Institutionen Expertise zur Trauerseeschwalbe (Black Tern Chlidonias niger) in Berlin (S\u00fcdost) &nbsp;<\/p>\n","protected":false},"author":1,"featured_media":0,"parent":0,"menu_order":0,"comment_status":"closed","ping_status":"closed","template":"","meta":{"footnotes":""},"class_list":["post-36","page","type-page","status-publish","hentry"],"_links":{"self":[{"href":"https:\/\/ternaround.de\/index.php?rest_route=\/wp\/v2\/pages\/36","targetHints":{"allow":["GET"]}}],"collection":[{"href":"https:\/\/ternaround.de\/index.php?rest_route=\/wp\/v2\/pages"}],"about":[{"href":"https:\/\/ternaround.de\/index.php?rest_route=\/wp\/v2\/types\/page"}],"author":[{"embeddable":true,"href":"https:\/\/ternaround.de\/index.php?rest_route=\/wp\/v2\/users\/1"}],"replies":[{"embeddable":true,"href":"https:\/\/ternaround.de\/index.php?rest_route=%2Fwp%2Fv2%2Fcomments&post=36"}],"version-history":[{"count":5,"href":"https:\/\/ternaround.de\/index.php?rest_route=\/wp\/v2\/pages\/36\/revisions"}],"predecessor-version":[{"id":90,"href":"https:\/\/ternaround.de\/index.php?rest_route=\/wp\/v2\/pages\/36\/revisions\/90"}],"wp:attachment":[{"href":"https:\/\/ternaround.de\/index.php?rest_route=%2Fwp%2Fv2%2Fmedia&parent=36"}],"curies":[{"name":"wp","href":"https:\/\/api.w.org\/{rel}","templated":true}]}}